{"id":987,"date":"2021-10-03T03:11:27","date_gmt":"2021-10-03T03:11:27","guid":{"rendered":"https:\/\/societyforritualarts.com\/coreopsis\/autumn-2021-issue\/?page_id=987"},"modified":"2021-11-21T21:41:01","modified_gmt":"2021-11-21T21:41:01","slug":"table-of-contents","status":"publish","type":"page","link":"https:\/\/societyforritualarts.com\/coreopsis\/autumn-2021-issue\/table-of-contents\/","title":{"rendered":"Table of Contents"},"content":{"rendered":"<p>[et_pb_section fb_built=&#8221;1&#8243; admin_label=&#8221;Top thru Author&#8221; _builder_version=&#8221;4.10.6&#8243; background_enable_image=&#8221;off&#8221; min_height=&#8221;250px&#8221; custom_margin=&#8221;0px||-40px||false|false&#8221; custom_padding=&#8221;0px||0px||true|false&#8221; saved_tabs=&#8221;all&#8221; global_colors_info=&#8221;{}&#8221;][et_pb_row column_structure=&#8221;1_4,3_4&#8243; _builder_version=&#8221;3.26.7&#8243; global_colors_info=&#8221;{}&#8221;][et_pb_column type=&#8221;1_4&#8243; _builder_version=&#8221;3.26.6&#8243; global_colors_info=&#8221;{}&#8221;][\/et_pb_column][et_pb_column type=&#8221;3_4&#8243; _builder_version=&#8221;3.26.6&#8243; global_colors_info=&#8221;{}&#8221;][et_pb_image src=&#8221;https:\/\/societyforritualarts.com\/coreopsis\/autumn-2021-issue\/wp-content\/uploads\/2021\/09\/coreopsis-winter-2019-header.png&#8221; title_text=&#8221;coreopsis-winter-2019-header&#8221; admin_label=&#8221;Coreopsis logo&#8221; _builder_version=&#8221;4.11.1&#8243; global_colors_info=&#8221;{}&#8221;][\/et_pb_image][\/et_pb_column][\/et_pb_row][et_pb_row column_structure=&#8221;1_5,3_5,1_5&#8243; _builder_version=&#8221;3.26.7&#8243; global_colors_info=&#8221;{}&#8221;][et_pb_column type=&#8221;1_5&#8243; _builder_version=&#8221;3.26.6&#8243; global_colors_info=&#8221;{}&#8221;][\/et_pb_column][et_pb_column type=&#8221;3_5&#8243; _builder_version=&#8221;3.26.6&#8243; global_colors_info=&#8221;{}&#8221;][et_pb_text admin_label=&#8221;Title &#038; Author&#8221; module_id=&#8221;author&#8221; module_class=&#8221;noindent&#8221; _builder_version=&#8221;4.11.1&#8243; global_colors_info=&#8221;{}&#8221;]<\/p>\n<h1>Table of Contents<span id=\"author\"><\/span><\/h1>\n<p>[\/et_pb_text][\/et_pb_column][et_pb_column type=&#8221;1_5&#8243; _builder_version=&#8221;3.26.6&#8243; global_colors_info=&#8221;{}&#8221;][\/et_pb_column][\/et_pb_row][et_pb_row _builder_version=&#8221;4.11.1&#8243; _module_preset=&#8221;default&#8221; global_colors_info=&#8221;{}&#8221;][et_pb_column type=&#8221;4_4&#8243; _builder_version=&#8221;4.11.1&#8243; _module_preset=&#8221;default&#8221; global_colors_info=&#8221;{}&#8221;][et_pb_image src=&#8221;https:\/\/societyforritualarts.com\/coreopsis\/autumn-2021-issue\/wp-content\/uploads\/2021\/10\/wildandfamiliar-strip.jpg&#8221; title_text=&#8221;wildandfamiliar-strip&#8221; _builder_version=&#8221;4.11.1&#8243; _module_preset=&#8221;default&#8221; global_colors_info=&#8221;{}&#8221;][\/et_pb_image][\/et_pb_column][\/et_pb_row][\/et_pb_section][et_pb_section fb_built=&#8221;1&#8243; _builder_version=&#8221;4.11.1&#8243; _module_preset=&#8221;default&#8221; global_colors_info=&#8221;{}&#8221;][et_pb_row column_structure=&#8221;1_2,1_2&#8243; _builder_version=&#8221;4.11.1&#8243; _module_preset=&#8221;default&#8221; global_colors_info=&#8221;{}&#8221;][et_pb_column type=&#8221;1_2&#8243; _builder_version=&#8221;4.11.1&#8243; _module_preset=&#8221;default&#8221; global_colors_info=&#8221;{}&#8221;][et_pb_text _builder_version=&#8221;4.11.1&#8243; _module_preset=&#8221;default&#8221; text_font=&#8221;Arima Madurai||||||||&#8221; global_colors_info=&#8221;{}&#8221;]<\/p>\n<h2>Coreopsis Journal of Myth &amp; Theatre<\/h2>\n<p>&nbsp;<\/p>\n<p>Vol 9 Number 2<\/p>\n<h3>The Wild and the Familiar<\/h3>\n<p>&nbsp;<\/p>\n<p>Cover art by Margaret Davis, Artist in Residence, Society for Ritual Arts.<\/p>\n<p>[\/et_pb_text][\/et_pb_column][et_pb_column type=&#8221;1_2&#8243; _builder_version=&#8221;4.11.1&#8243; _module_preset=&#8221;default&#8221; global_colors_info=&#8221;{}&#8221;][et_pb_text _builder_version=&#8221;4.11.1&#8243; _module_preset=&#8221;default&#8221; text_font=&#8221;Arima Madurai||||||||&#8221; global_colors_info=&#8221;{}&#8221;]<\/p>\n<p><i>I stand between the wild and the familiar<\/i><\/p>\n<p><i>wondering if they\u2019ve always been the same.<\/i><\/p>\n<p><i>Tonight\u2019s is a moon worth drawing down.<\/i><\/p>\n<p><i>We are witches worthy of the name.<\/i><\/p>\n<p><i>Comes a gathering of signals from far and wide,<\/i><\/p>\n<p><i>little candles burning on both sides<\/i><\/p>\n<p><i>of all our dirty screens tonight.<span>\u00a0<\/span><\/i>\u2013 SJ Tucker, 2020<\/p>\n<p>[\/et_pb_text][\/et_pb_column][\/et_pb_row][\/et_pb_section][et_pb_section fb_built=&#8221;1&#8243; admin_label=&#8221;Content Block&#8221; _builder_version=&#8221;4.9.1&#8243; background_enable_image=&#8221;off&#8221; custom_margin=&#8221;0px||0px||true|false&#8221; custom_padding=&#8221;0px||0px||true|false&#8221; saved_tabs=&#8221;all&#8221; global_colors_info=&#8221;{}&#8221;][et_pb_row column_structure=&#8221;1_4,3_4&#8243; module_class=&#8221;noindent&#8221; _builder_version=&#8221;4.11.1&#8243; global_colors_info=&#8221;{}&#8221;][et_pb_column type=&#8221;1_4&#8243; _builder_version=&#8221;3.26.6&#8243; global_colors_info=&#8221;{}&#8221;][\/et_pb_column][et_pb_column type=&#8221;3_4&#8243; _builder_version=&#8221;3.26.6&#8243; global_colors_info=&#8221;{}&#8221;][et_pb_text _builder_version=&#8221;4.13.1&#8243; custom_margin=&#8221;||||false|false&#8221; custom_padding=&#8221;||0px|||&#8221; hover_enabled=&#8221;0&#8243; global_colors_info=&#8221;{}&#8221; sticky_enabled=&#8221;0&#8243;]<\/p>\n<h2>Editorials<\/h2>\n<p><a href=\"https:\/\/societyforritualarts.com\/coreopsis\/autumn-2021-issue\/the-wild-and-the-familiar\/\"><i>The Wild and the Familiar<\/i><\/a><\/p>\n<p>By Lezlie Kinyon, Editor in Chief<\/p>\n<blockquote>\n<p>We have all walked into a strange and unfamiliar place this past year and some, as the world around us changed. It felt like everything stopped and all that was familiar&#8230; Just. Went. Away.<\/p>\n<\/blockquote>\n<p><a href=\"https:\/\/societyforritualarts.com\/coreopsis\/autumn-2021-issue\/dream-date-with-death\/\"><i>A Dream Date with Death<\/i><\/a><\/p>\n<p>By Angus McMahan, contributor<\/p>\n<blockquote>\n<p>This is the dream in which Death takes me to lunch.<\/p>\n<\/blockquote>\n<h2>Papers<\/h2>\n<p>Tenzin Dhardon Sharling<\/p>\n<p><a href=\"https:\/\/societyforritualarts.com\/coreopsis\/autumn-2021-issue\/finding-hope-in-the-darkest-of-days\/\"><i>Finding Hope in the Darkest of Days, and Focus in the Brightest:<br \/><\/i><i>The Dalai Lama\u2019s Approach to Promoting Human Values<\/i><\/a><\/p>\n<blockquote>\n<p>As people are grappling in numerous ways to reconcile with the unprecedented havoc the pandemic has wreaked on individual and collective lives, the Dalai Lama took to digital media to send messages of hope.<\/p>\n<\/blockquote>\n<p>Helena Domenic<\/p>\n<p><a href=\"https:\/\/societyforritualarts.com\/coreopsis\/autumn-2021-issue\/tarot-and-the-dark-night-of-the-soul\/\"><i>Tarot and the Dark Night of the Soul<\/i><\/a><\/p>\n<blockquote>\n<p>It is through our love and generosity to others that we can make it through desolate times<i>.\u00a0<\/i><\/p>\n<\/blockquote>\n<p>Thomas Wilkenson<\/p>\n<p><a href=\"https:\/\/societyforritualarts.com\/coreopsis\/autumn-2021-issue\/reflections-on-the-blm-protests-in-seattle\/\"><i>Reflections on the BLM Protests in Seattle, 2020<\/i><\/a><\/p>\n<blockquote>\n<p>Civil Dissent within Seattle\u2019s Capital Hill Autonomous Zone (CHAZ) later known as the Capital Hill Hill Organized Protest (CHOP).<\/p>\n<\/blockquote>\n<h2>Words of Wisdom from the Artist in Residence<\/h2>\n<p>Kristoph Klover<\/p>\n<p><a href=\"https:\/\/societyforritualarts.com\/coreopsis\/autumn-2021-issue\/words-of-wisdom-2\/\"><em>Interview with Margaret Davis, Artist, Singer, and Harper,\u00a0<\/em><\/a><i>Society for Ritual Arts Artist in Residence 2021\/22<\/i><\/p>\n<blockquote>\n<p>Artist and calligrapher Margaret Davis talks about her artwork, her materials, and her inspiration.<\/p>\n<\/blockquote>\n<p><a href=\"https:\/\/societyforritualarts.com\/coreopsis\/autumn-2021-issue\/words-of-wisdom-2\/\"><i>Words of Wisdom From Margaret Davis<\/i><\/a><\/p>\n<blockquote>\n<p>I created this image for the cover to illustrate an encounter between the \u201cWild and the Familiar\u201d, the theme of this issue, incorporating my beloved Celtic knotwork.<\/p>\n<\/blockquote>\n<p><b>Artist\u2019s Profile and Gallery<\/b><\/p>\n<p><a href=\"https:\/\/societyforritualarts.com\/coreopsis\/autumn-2021-issue\/artist-gallery\"><i>The Art of Margaret Davis<\/i><\/a><\/p>\n<blockquote>\n<div>Margaret has been working professionally as an artist since 2006 and as a musician since 1993. She creates paintings and calligraphy for an international clientele, and performs throughout the Pacific Northwest, the Midwest, England, Germany, and China. She has recorded 15 albums as a soloist and band member of Brocel\u00efande, Avalon Rising, and Margaret &amp; Kristoph.<\/div>\n<\/blockquote>\n<h2>Reviews<\/h2>\n<p>Rodney Shackleford<br \/><a href=\"https:\/\/societyforritualarts.com\/coreopsis\/autumn-2021-issue\/book-review-buddhism-and-pali-by-richard-gombrich\/\">Review: <i>Buddhism and Pali<\/i> by Richard Gombrich<\/a><\/p>\n<blockquote>\n<p>\u201cDoes the Therav\u0101da Canon actually reflect what the Buddha said?\u201d In a recent book, Buddhism and P\u0101li, one of the few western scholars of the P\u0101li language, Professor Richard Gombrich, uses meticulous analysis of the Therav\u0101da Canon and P\u0101li language to conclude that it is highly likely that the Canon does contain the Buddha-vacana, or actual words of the Buddha.<\/p>\n<\/blockquote>\n<h2>Announcements<\/h2>\n<p><a href=\"https:\/\/societyforritualarts.com\/coreopsis\/autumn-2021-issue\/new-music\/\">New Music:<\/a> The Autumn 2021 Picks from our Staff!<\/p>\n<ul>\n<li style=\"font-weight: 400;\" aria-level=\"1\">The Autumn 2021 Playlist<\/li>\n<\/ul>\n<p><a href=\"https:\/\/societyforritualarts.com\/coreopsis\/autumn-2021-issue\/new-books\/\">New Books<\/a><\/p>\n<ul>\n<li style=\"font-weight: 400;\" aria-level=\"1\">Myth, poetry, and history: new releases for Autumn 2021<\/li>\n<\/ul>\n<p><a href=\"https:\/\/societyforritualarts.com\/coreopsis\/autumn-2021-issue\/gatherings-autumn-2021\/\">Gatherings, Conferences, and Festivals<\/a><\/p>\n<ul>\n<li style=\"font-weight: 400;\" aria-level=\"1\">Cancellations, gatherings, and workshops.<\/li>\n<\/ul>\n<h2>The Final Word<\/h2>\n<p>Where our staff speaks of many things.<\/p>\n<p><i><a href=\"https:\/\/societyforritualarts.com\/coreopsis\/autumn-2021-issue\/the-final-word\/\">Tribute to Anna Halprin: A Century of Dancing<\/a>\u00a0<\/i><\/p>\n<p>By Stanley Krippner, Ph.D., Advisory Board<\/p>\n<p>[\/et_pb_text][\/et_pb_column][\/et_pb_row][\/et_pb_section]<\/p>\n","protected":false},"excerpt":{"rendered":"<p>Table of ContentsCoreopsis Journal of Myth &amp; Theatre &nbsp; Vol 9 Number 2 The Wild and the Familiar &nbsp; Cover art by Margaret Davis, Artist in Residence, Society for Ritual Arts.I stand between the wild and the familiar wondering if they\u2019ve always been the same. Tonight\u2019s is a moon worth drawing down. We are witches [&hellip;]<\/p>\n","protected":false},"author":1,"featured_media":7,"parent":0,"menu_order":0,"comment_status":"closed","ping_status":"closed","template":"","meta":{"nf_dc_page":"","_et_pb_use_builder":"on","_et_pb_old_content":"","_et_gb_content_width":"","_monsterinsights_skip_tracking":false,"_monsterinsights_sitenote_active":false,"_monsterinsights_sitenote_note":"","_monsterinsights_sitenote_category":0,"footnotes":""},"class_list":["post-987","page","type-page","status-publish","has-post-thumbnail","hentry"],"yoast_head":"<!-- This site is optimized with the Yoast SEO plugin v27.5 - https:\/\/yoast.com\/product\/yoast-seo-wordpress\/ -->\n<title>Table of Contents - Coreopsis Journal Autumn 2021<\/title>\n<meta name=\"robots\" content=\"index, follow, max-snippet:-1, max-image-preview:large, max-video-preview:-1\" \/>\n<link rel=\"canonical\" href=\"https:\/\/societyforritualarts.com\/coreopsis\/autumn-2021-issue\/table-of-contents\/\" \/>\n<meta property=\"og:locale\" content=\"en_US\" \/>\n<meta property=\"og:type\" content=\"article\" \/>\n<meta property=\"og:title\" content=\"Table of Contents - Coreopsis Journal Autumn 2021\" \/>\n<meta property=\"og:description\" content=\"Table of ContentsCoreopsis Journal of Myth &amp; Theatre &nbsp; Vol 9 Number 2 The Wild and the Familiar &nbsp; Cover art by Margaret Davis, Artist in Residence, Society for Ritual Arts.I stand between the wild and the familiar wondering if they\u2019ve always been the same. Tonight\u2019s is a moon worth drawing down. We are witches [&hellip;]\" \/>\n<meta property=\"og:url\" content=\"https:\/\/societyforritualarts.com\/coreopsis\/autumn-2021-issue\/table-of-contents\/\" \/>\n<meta property=\"og:site_name\" content=\"Coreopsis Journal Autumn 2021\" \/>\n<meta property=\"article:modified_time\" content=\"2021-11-21T21:41:01+00:00\" \/>\n<meta property=\"og:image\" content=\"https:\/\/societyforritualarts.com\/coreopsis\/autumn-2021-issue\/wp-content\/uploads\/2021\/09\/coreopsis-flower_site_icon.png\" \/>\n\t<meta property=\"og:image:width\" content=\"512\" \/>\n\t<meta property=\"og:image:height\" content=\"512\" \/>\n\t<meta property=\"og:image:type\" content=\"image\/png\" \/>\n<meta name=\"twitter:card\" content=\"summary_large_image\" \/>\n<script type=\"application\/ld+json\" class=\"yoast-schema-graph\">{\"@context\":\"https:\\\/\\\/schema.org\",\"@graph\":[{\"@type\":\"WebPage\",\"@id\":\"https:\\\/\\\/societyforritualarts.com\\\/coreopsis\\\/autumn-2021-issue\\\/table-of-contents\\\/\",\"url\":\"https:\\\/\\\/societyforritualarts.com\\\/coreopsis\\\/autumn-2021-issue\\\/table-of-contents\\\/\",\"name\":\"Table of Contents - Coreopsis Journal Autumn 2021\",\"isPartOf\":{\"@id\":\"https:\\\/\\\/societyforritualarts.com\\\/coreopsis\\\/autumn-2021-issue\\\/#website\"},\"primaryImageOfPage\":{\"@id\":\"https:\\\/\\\/societyforritualarts.com\\\/coreopsis\\\/autumn-2021-issue\\\/table-of-contents\\\/#primaryimage\"},\"image\":{\"@id\":\"https:\\\/\\\/societyforritualarts.com\\\/coreopsis\\\/autumn-2021-issue\\\/table-of-contents\\\/#primaryimage\"},\"thumbnailUrl\":\"https:\\\/\\\/i0.wp.com\\\/societyforritualarts.com\\\/coreopsis\\\/autumn-2021-issue\\\/wp-content\\\/uploads\\\/2021\\\/09\\\/coreopsis-flower_site_icon.png?fit=512%2C512&ssl=1\",\"datePublished\":\"2021-10-03T03:11:27+00:00\",\"dateModified\":\"2021-11-21T21:41:01+00:00\",\"breadcrumb\":{\"@id\":\"https:\\\/\\\/societyforritualarts.com\\\/coreopsis\\\/autumn-2021-issue\\\/table-of-contents\\\/#breadcrumb\"},\"inLanguage\":\"en-US\",\"potentialAction\":[{\"@type\":\"ReadAction\",\"target\":[\"https:\\\/\\\/societyforritualarts.com\\\/coreopsis\\\/autumn-2021-issue\\\/table-of-contents\\\/\"]}]},{\"@type\":\"ImageObject\",\"inLanguage\":\"en-US\",\"@id\":\"https:\\\/\\\/societyforritualarts.com\\\/coreopsis\\\/autumn-2021-issue\\\/table-of-contents\\\/#primaryimage\",\"url\":\"https:\\\/\\\/i0.wp.com\\\/societyforritualarts.com\\\/coreopsis\\\/autumn-2021-issue\\\/wp-content\\\/uploads\\\/2021\\\/09\\\/coreopsis-flower_site_icon.png?fit=512%2C512&ssl=1\",\"contentUrl\":\"https:\\\/\\\/i0.wp.com\\\/societyforritualarts.com\\\/coreopsis\\\/autumn-2021-issue\\\/wp-content\\\/uploads\\\/2021\\\/09\\\/coreopsis-flower_site_icon.png?fit=512%2C512&ssl=1\",\"width\":512,\"height\":512},{\"@type\":\"BreadcrumbList\",\"@id\":\"https:\\\/\\\/societyforritualarts.com\\\/coreopsis\\\/autumn-2021-issue\\\/table-of-contents\\\/#breadcrumb\",\"itemListElement\":[{\"@type\":\"ListItem\",\"position\":1,\"name\":\"Home\",\"item\":\"https:\\\/\\\/societyforritualarts.com\\\/coreopsis\\\/autumn-2021-issue\\\/\"},{\"@type\":\"ListItem\",\"position\":2,\"name\":\"Table of Contents\"}]},{\"@type\":\"WebSite\",\"@id\":\"https:\\\/\\\/societyforritualarts.com\\\/coreopsis\\\/autumn-2021-issue\\\/#website\",\"url\":\"https:\\\/\\\/societyforritualarts.com\\\/coreopsis\\\/autumn-2021-issue\\\/\",\"name\":\"Coreopsis Journal Autumn 2021\",\"description\":\"The Wild and the Familiar\",\"potentialAction\":[{\"@type\":\"SearchAction\",\"target\":{\"@type\":\"EntryPoint\",\"urlTemplate\":\"https:\\\/\\\/societyforritualarts.com\\\/coreopsis\\\/autumn-2021-issue\\\/?s={search_term_string}\"},\"query-input\":{\"@type\":\"PropertyValueSpecification\",\"valueRequired\":true,\"valueName\":\"search_term_string\"}}],\"inLanguage\":\"en-US\"}]}<\/script>\n<!-- \/ Yoast SEO plugin. -->","yoast_head_json":{"title":"Table of Contents - Coreopsis Journal Autumn 2021","robots":{"index":"index","follow":"follow","max-snippet":"max-snippet:-1","max-image-preview":"max-image-preview:large","max-video-preview":"max-video-preview:-1"},"canonical":"https:\/\/societyforritualarts.com\/coreopsis\/autumn-2021-issue\/table-of-contents\/","og_locale":"en_US","og_type":"article","og_title":"Table of Contents - Coreopsis Journal Autumn 2021","og_description":"Table of ContentsCoreopsis Journal of Myth &amp; Theatre &nbsp; Vol 9 Number 2 The Wild and the Familiar &nbsp; Cover art by Margaret Davis, Artist in Residence, Society for Ritual Arts.I stand between the wild and the familiar wondering if they\u2019ve always been the same. Tonight\u2019s is a moon worth drawing down. We are witches [&hellip;]","og_url":"https:\/\/societyforritualarts.com\/coreopsis\/autumn-2021-issue\/table-of-contents\/","og_site_name":"Coreopsis Journal Autumn 2021","article_modified_time":"2021-11-21T21:41:01+00:00","og_image":[{"width":512,"height":512,"url":"https:\/\/societyforritualarts.com\/coreopsis\/autumn-2021-issue\/wp-content\/uploads\/2021\/09\/coreopsis-flower_site_icon.png","type":"image\/png"}],"twitter_card":"summary_large_image","schema":{"@context":"https:\/\/schema.org","@graph":[{"@type":"WebPage","@id":"https:\/\/societyforritualarts.com\/coreopsis\/autumn-2021-issue\/table-of-contents\/","url":"https:\/\/societyforritualarts.com\/coreopsis\/autumn-2021-issue\/table-of-contents\/","name":"Table of Contents - Coreopsis Journal Autumn 2021","isPartOf":{"@id":"https:\/\/societyforritualarts.com\/coreopsis\/autumn-2021-issue\/#website"},"primaryImageOfPage":{"@id":"https:\/\/societyforritualarts.com\/coreopsis\/autumn-2021-issue\/table-of-contents\/#primaryimage"},"image":{"@id":"https:\/\/societyforritualarts.com\/coreopsis\/autumn-2021-issue\/table-of-contents\/#primaryimage"},"thumbnailUrl":"https:\/\/i0.wp.com\/societyforritualarts.com\/coreopsis\/autumn-2021-issue\/wp-content\/uploads\/2021\/09\/coreopsis-flower_site_icon.png?fit=512%2C512&ssl=1","datePublished":"2021-10-03T03:11:27+00:00","dateModified":"2021-11-21T21:41:01+00:00","breadcrumb":{"@id":"https:\/\/societyforritualarts.com\/coreopsis\/autumn-2021-issue\/table-of-contents\/#breadcrumb"},"inLanguage":"en-US","potentialAction":[{"@type":"ReadAction","target":["https:\/\/societyforritualarts.com\/coreopsis\/autumn-2021-issue\/table-of-contents\/"]}]},{"@type":"ImageObject","inLanguage":"en-US","@id":"https:\/\/societyforritualarts.com\/coreopsis\/autumn-2021-issue\/table-of-contents\/#primaryimage","url":"https:\/\/i0.wp.com\/societyforritualarts.com\/coreopsis\/autumn-2021-issue\/wp-content\/uploads\/2021\/09\/coreopsis-flower_site_icon.png?fit=512%2C512&ssl=1","contentUrl":"https:\/\/i0.wp.com\/societyforritualarts.com\/coreopsis\/autumn-2021-issue\/wp-content\/uploads\/2021\/09\/coreopsis-flower_site_icon.png?fit=512%2C512&ssl=1","width":512,"height":512},{"@type":"BreadcrumbList","@id":"https:\/\/societyforritualarts.com\/coreopsis\/autumn-2021-issue\/table-of-contents\/#breadcrumb","itemListElement":[{"@type":"ListItem","position":1,"name":"Home","item":"https:\/\/societyforritualarts.com\/coreopsis\/autumn-2021-issue\/"},{"@type":"ListItem","position":2,"name":"Table of Contents"}]},{"@type":"WebSite","@id":"https:\/\/societyforritualarts.com\/coreopsis\/autumn-2021-issue\/#website","url":"https:\/\/societyforritualarts.com\/coreopsis\/autumn-2021-issue\/","name":"Coreopsis Journal Autumn 2021","description":"The Wild and the Familiar","potentialAction":[{"@type":"SearchAction","target":{"@type":"EntryPoint","urlTemplate":"https:\/\/societyforritualarts.com\/coreopsis\/autumn-2021-issue\/?s={search_term_string}"},"query-input":{"@type":"PropertyValueSpecification","valueRequired":true,"valueName":"search_term_string"}}],"inLanguage":"en-US"}]}},"jetpack_sharing_enabled":true,"_links":{"self":[{"href":"https:\/\/societyforritualarts.com\/coreopsis\/autumn-2021-issue\/wp-json\/wp\/v2\/pages\/987","targetHints":{"allow":["GET"]}}],"collection":[{"href":"https:\/\/societyforritualarts.com\/coreopsis\/autumn-2021-issue\/wp-json\/wp\/v2\/pages"}],"about":[{"href":"https:\/\/societyforritualarts.com\/coreopsis\/autumn-2021-issue\/wp-json\/wp\/v2\/types\/page"}],"author":[{"embeddable":true,"href":"https:\/\/societyforritualarts.com\/coreopsis\/autumn-2021-issue\/wp-json\/wp\/v2\/users\/1"}],"replies":[{"embeddable":true,"href":"https:\/\/societyforritualarts.com\/coreopsis\/autumn-2021-issue\/wp-json\/wp\/v2\/comments?post=987"}],"version-history":[{"count":5,"href":"https:\/\/societyforritualarts.com\/coreopsis\/autumn-2021-issue\/wp-json\/wp\/v2\/pages\/987\/revisions"}],"predecessor-version":[{"id":1082,"href":"https:\/\/societyforritualarts.com\/coreopsis\/autumn-2021-issue\/wp-json\/wp\/v2\/pages\/987\/revisions\/1082"}],"wp:featuredmedia":[{"embeddable":true,"href":"https:\/\/societyforritualarts.com\/coreopsis\/autumn-2021-issue\/wp-json\/wp\/v2\/media\/7"}],"wp:attachment":[{"href":"https:\/\/societyforritualarts.com\/coreopsis\/autumn-2021-issue\/wp-json\/wp\/v2\/media?parent=987"}],"curies":[{"name":"wp","href":"https:\/\/api.w.org\/{rel}","templated":true}]}}