{"id":33,"date":"2019-09-22T04:14:46","date_gmt":"2019-09-22T04:14:46","guid":{"rendered":"http:\/\/societyforritualarts.com\/coreopsis\/summer-2014-issue\/?page_id=33"},"modified":"2019-09-29T07:02:57","modified_gmt":"2019-09-29T07:02:57","slug":"why-coreopsis","status":"publish","type":"page","link":"https:\/\/societyforritualarts.com\/coreopsis\/summer-2014-issue\/why-coreopsis","title":{"rendered":"Why Coreopsis?"},"content":{"rendered":"<p>[et_pb_section fb_built=&#8221;1&#8243; fullwidth=&#8221;on&#8221; _builder_version=&#8221;3.29.3&#8243; global_module=&#8221;251&#8243; fb_built=&#8221;1&#8243; _i=&#8221;0&#8243; _address=&#8221;0&#8243;][et_pb_fullwidth_header admin_label=&#8221;light green band&#8221; _builder_version=&#8221;3.29.3&#8243; background_color=&#8221;#9abf93&#8243; min_height=&#8221;30px&#8221; height=&#8221;30px&#8221; max_height=&#8221;30px&#8221; _i=&#8221;0&#8243; _address=&#8221;0.0&#8243;][\/et_pb_fullwidth_header][\/et_pb_section][et_pb_section fb_built=&#8221;1&#8243; _builder_version=&#8221;3.29.3&#8243; fb_built=&#8221;1&#8243; _i=&#8221;1&#8243; _address=&#8221;1&#8243;][et_pb_row _builder_version=&#8221;3.29.3&#8243; _i=&#8221;0&#8243; _address=&#8221;1.0&#8243;][et_pb_column type=&#8221;4_4&#8243; _builder_version=&#8221;3.29.3&#8243; _i=&#8221;0&#8243; _address=&#8221;1.0.0&#8243;][et_pb_image src=&#8221;https:\/\/societyforritualarts.com\/coreopsis\/summer-2014-issue\/wp-content\/uploads\/2019\/09\/Coreopsis_Flower_Header3-1024&#215;358.png&#8221; align=&#8221;center&#8221; _builder_version=&#8221;3.29.3&#8243; custom_margin=&#8221;-75px|||||&#8221; _i=&#8221;0&#8243; _address=&#8221;1.0.0.0&#8243;][\/et_pb_image][\/et_pb_column][\/et_pb_row][\/et_pb_section][et_pb_section fb_built=&#8221;1&#8243; fullwidth=&#8221;on&#8221; _builder_version=&#8221;3.29.3&#8243; global_module=&#8221;252&#8243; fb_built=&#8221;1&#8243; _i=&#8221;2&#8243; _address=&#8221;2&#8243;][et_pb_fullwidth_menu active_link_color=&#8221;#e9ffca&#8221; dropdown_menu_bg_color=&#8221;#9abf93&#8243; dropdown_menu_text_color=&#8221;#ffffff&#8221; mobile_menu_bg_color=&#8221;#9abf93&#8243; mobile_menu_text_color=&#8221;#ffffff&#8221; _builder_version=&#8221;3.29.3&#8243; menu_font=&#8221;Georgia|600|on||||||&#8221; menu_text_color=&#8221;#ffffff&#8221; background_color=&#8221;#446633&#8243; background_layout=&#8221;dark&#8221; custom_margin=&#8221;-76px|||||&#8221; _i=&#8221;0&#8243; _address=&#8221;2.0&#8243;][\/et_pb_fullwidth_menu][\/et_pb_section][et_pb_section fb_built=&#8221;1&#8243; _builder_version=&#8221;3.29.3&#8243; fb_built=&#8221;1&#8243; _i=&#8221;3&#8243; _address=&#8221;3&#8243;][et_pb_row column_structure=&#8221;3_4,1_4&#8243; _builder_version=&#8221;3.29.3&#8243; _i=&#8221;0&#8243; _address=&#8221;3.0&#8243;][et_pb_column type=&#8221;3_4&#8243; _builder_version=&#8221;3.29.3&#8243; _i=&#8221;0&#8243; _address=&#8221;3.0.0&#8243;][et_pb_text _builder_version=&#8221;3.29.3&#8243; _i=&#8221;0&#8243; _address=&#8221;3.0.0.0&#8243;]<\/p>\n<pre style=\"text-align: center;\">\"Coreopsis\"\n \"Kore-Opsis??\"\n\n\"Maiden-Looking???????\"\n- William Albert Baldwin<\/pre>\n<p style=\"text-align: center;\">(used by permission, all rights reserved)<\/p>\n<p style=\"text-align: center;\"> A Journal where Ritual, Sacred and Folk Performance Arts and Scholarship meet.<br \/> Like a bright little wildflower, folk, myth, and ritual theatre grows where it can, blooms brightly and seeds itself for future generations. There is an alliterative reference to Kore, the Maiden of the Eleusinian Mysteries in simply saying the name of this wildflower. By doing so, one may evoke the image of the Court of Beautiful Dances, a place where ritual theatre flourished for many thousand years. Like wildflowers, folk theatre flourishes in unexpected places: street corners, alleyways, open fields and along roadsides. It is my hope that this journal will like wise flourish and become part of the whole that keep the traditions alive and flourishing.<\/p>\n<p style=\"text-align: center;\"><em>k\u014dr\u0113\u014fp\u02c8s\u012ds<\/em>, or <em>tickseed<\/em>, names for species of Coreopsis, a chiefly North American genus of the family Asteraceae (aster family). They are easily cultivated annuals or perennials with daisy like heads of flowers in various colors\u2014commonly yellow or variegated. Garden kinds are sometimes called calliopsis. Coreopsis is classified in the division Magnoliophyta, class Magnoliopsida, order Asterales, family Asteraceae. <br \/><em>The Columbia Encyclopedia, Sixth Edition Copyright\u00a9 2004,Columbia University Press. <br \/>Licensed from Lernout &amp; Hauspie Speech Products N.V.<\/em><\/p>\n<p>[\/et_pb_text][\/et_pb_column][et_pb_column type=&#8221;1_4&#8243; _builder_version=&#8221;3.29.3&#8243; _i=&#8221;1&#8243; _address=&#8221;3.0.1&#8243;][et_pb_social_media_follow _builder_version=&#8221;3.29.3&#8243; _i=&#8221;0&#8243; _address=&#8221;3.0.1.0&#8243;][et_pb_social_media_follow_network social_network=&#8221;facebook&#8221; url=&#8221;https:\/\/www.facebook.com\/coreopsisjournal\/&#8221; _builder_version=&#8221;3.29.3&#8243; background_color=&#8221;#3b5998&#8243; follow_button=&#8221;off&#8221; url_new_window=&#8221;on&#8221; _i=&#8221;0&#8243; _address=&#8221;3.0.1.0.0&#8243;]facebook[\/et_pb_social_media_follow_network][et_pb_social_media_follow_network social_network=&#8221;twitter&#8221; url=&#8221;https:\/\/twitter.com\/MythAndTheatre&#8221; _builder_version=&#8221;3.29.3&#8243; background_color=&#8221;#00aced&#8221; follow_button=&#8221;off&#8221; url_new_window=&#8221;on&#8221; _i=&#8221;1&#8243; _address=&#8221;3.0.1.0.1&#8243;]twitter[\/et_pb_social_media_follow_network][\/et_pb_social_media_follow][et_pb_text _builder_version=&#8221;3.29.3&#8243; global_module=&#8221;15&#8243; saved_tabs=&#8221;all&#8221; _i=&#8221;0&#8243; _address=&#8221;2.0.1.0&#8243;]<\/p>\n<p><a href=\"https:\/\/www.paypal.com\/cgi-bin\/webscr?cmd=_s-xclick&amp;hosted_button_id=PE2T9TU8YXUQU\" target=\"_blank\" rel=\"noopener noreferrer\"><img loading=\"lazy\" decoding=\"async\" src=\"https:\/\/societyforritualarts.com\/coreopsis\/summer-2014-issue\/wp-content\/uploads\/2019\/09\/donate-coreopsis.jpg\" width=\"190\" height=\"130\" alt=\"\" class=\"wp-image-16 size-full\" \/><\/a><\/p>\n<h3 class=\"widgettitle\">Navigation<\/h3>\n<div class=\"menu-menu-1-container\">\n<ul id=\"menu-menu-2\" class=\"menu\">\n<li class=\"menu-item menu-item-type-custom menu-item-object-custom current-menu-item current_page_item menu-item-home menu-item-57\"><a href=\"home\">Home<\/a><\/li>\n<li class=\"menu-item menu-item-type-post_type menu-item-object-page menu-item-has-children menu-item-65\"><a href=\"why-coreopsis\">Why Coreopsis?<\/a>\n<ul class=\"sub-menu\">\n<li class=\"menu-item menu-item-type-post_type menu-item-object-page menu-item-1162\"><a title=\"How to Support Coreopsis\" href=\"how-to-support-coreopsis\">How to Support Coreopsis<\/a><\/li>\n<\/ul>\n<\/li>\n<li class=\"menu-item menu-item-type-post_type menu-item-object-page menu-item-has-children menu-item-213\"><a href=\"http:\/\/societyforritualarts.com\/coreopsis\/\">Paper Calls<\/a>\n<ul class=\"sub-menu\">\n<li class=\"menu-item menu-item-type-post_type menu-item-object-page menu-item-211\"><a href=\"http:\/\/societyforritualarts.com\/coreopsis\/submissions\/\">Submission Guidelines<\/a><\/li>\n<\/ul>\n<\/li>\n<li class=\"menu-item menu-item-type-post_type menu-item-object-page current-menu-item page_item page-item-834 current_page_item menu-item-has-children menu-item-1101\"><a href=\"home\/\">Current: Spring\/Summer 2014<\/a>\n<ul class=\"sub-menu\">\n<li class=\"menu-item menu-item-type-post_type menu-item-object-page menu-item-1107\"><a href=\"table-of-contents\">Table of Contents: Spring\/Summer 2014<\/a><\/li>\n<li class=\"menu-item menu-item-type-post_type menu-item-object-page menu-item-1104\"><a href=\"spring-summer-2014-in-memoriam\">Spring\/Summer 2014: In Memoriam<\/a><\/li>\n<li class=\"menu-item menu-item-type-post_type menu-item-object-page menu-item-1105\"><a href=\"announcements\">Announcements Spring\/Summer 2014<\/a><\/li>\n<li class=\"menu-item menu-item-type-post_type menu-item-object-page menu-item-1103\"><a href=\"new-releases-spring-summer-2014\">New Releases: Spring\/Summer 2014<\/a><\/li>\n<\/ul>\n<\/li>\n<li class=\"menu-item menu-item-type-post_type menu-item-object-page menu-item-has-children menu-item-742\"><a href=\"http:\/\/societyforritualarts.com\/coreopsis\/\">Past Issues<\/a><\/li>\n<li class=\"menu-item menu-item-type-post_type menu-item-object-page menu-item-805\"><a href=\"our-intrepid-staff\">Our Intrepid Staff<\/a><\/li>\n<\/ul>\n<p>&nbsp;<\/p>\n<p><span style=\"font-size: smaller;\">Journal Copyright Info: Each author and artist retains the copyright of his or her work(s) featured in this journal. Users may read, download, copy, print, search, cite, or link to the full texts of these articles for personal, research, academic or other non-commercial purposes under the internationally recognized body of law concerning fair use. Artwork may not be replicated without the artist\u2019s express written permission. Republication, distribution (including classroom use) and all other commercial uses of these articles must receive written consent from the author. Coreopsis: ISSN 2333-0627<\/span><\/p>\n<\/div>\n<p><strong>Sponsors<\/strong><a href=\"http:\/\/www.suppressedhistories.net\/articles\/womanshaman.html\" target=\"_blank\" rel=\"noopener noreferrer\"><img loading=\"lazy\" decoding=\"async\" src=\"https:\/\/societyforritualarts.com\/coreopsis\/summer-2014-issue\/wp-content\/uploads\/2019\/09\/womensha1_sm1.png\" width=\"268\" height=\"224\" alt=\"\" class=\"wp-image-204 alignnone size-medium\" \/><\/a><\/p>\n<p>[\/et_pb_text][\/et_pb_column][\/et_pb_row][\/et_pb_section][et_pb_section fb_built=&#8221;1&#8243; fullwidth=&#8221;on&#8221; _builder_version=&#8221;3.29.3&#8243; global_module=&#8221;306&#8243; saved_tabs=&#8221;all&#8221; fb_built=&#8221;1&#8243; _i=&#8221;4&#8243; _address=&#8221;4&#8243;][et_pb_fullwidth_header header_image_url=&#8221;https:\/\/societyforritualarts.com\/coreopsis\/summer-2014-issue\/wp-content\/uploads\/2019\/09\/Coreopsis_ad_sm.png&#8221; _builder_version=&#8221;3.29.3&#8243; background_color=&#8221;#446633&#8243; height=&#8221;100%&#8221; link_option_url=&#8221;https:\/\/sharonknight.net\/listen&#8221; link_option_url_new_window=&#8221;on&#8221; _i=&#8221;0&#8243; _address=&#8221;4.0&#8243;][\/et_pb_fullwidth_header][\/et_pb_section]<\/p>\n","protected":false},"excerpt":{"rendered":"<p>&#8220;Coreopsis&#8221; &#8220;Kore-Opsis??&#8221; &#8220;Maiden-Looking???????&#8221; &#8211; William Albert Baldwin (used by permission, all rights reserved) A Journal where Ritual, Sacred and Folk Performance Arts and Scholarship meet. Like a bright little wildflower, folk, myth, and ritual theatre grows where it can, blooms brightly and seeds itself for future generations. There is an alliterative reference to Kore, the [&hellip;]<\/p>\n","protected":false},"author":1,"featured_media":0,"parent":0,"menu_order":0,"comment_status":"closed","ping_status":"closed","template":"page-template-blank.php","meta":{"_et_pb_use_builder":"on","_et_pb_old_content":"","_et_gb_content_width":"","_monsterinsights_skip_tracking":false,"_monsterinsights_sitenote_active":false,"_monsterinsights_sitenote_note":"","_monsterinsights_sitenote_category":0,"footnotes":""},"class_list":["post-33","page","type-page","status-publish","hentry"],"yoast_head":"<!-- This site is optimized with the Yoast SEO plugin v27.5 - https:\/\/yoast.com\/product\/yoast-seo-wordpress\/ -->\n<title>Why Coreopsis? &#187; Coreopsis Journal Summer 2014<\/title>\n<meta name=\"description\" content=\"A Journal where Ritual, Sacred &amp; Folk Performance Arts &amp; Scholarship meet. Like a bright little wildflower, folk, myth, &amp; ritual theatre grows where it can.\" \/>\n<meta name=\"robots\" content=\"index, follow, max-snippet:-1, max-image-preview:large, max-video-preview:-1\" \/>\n<link rel=\"canonical\" href=\"http:\/\/societyforritualarts.com\/coreopsis\/summer-2014-issue\/why-coreopsis\" \/>\n<meta property=\"og:locale\" content=\"en_US\" \/>\n<meta property=\"og:type\" content=\"article\" \/>\n<meta property=\"og:title\" content=\"Why Coreopsis? &#187; Coreopsis Journal Summer 2014\" \/>\n<meta property=\"og:description\" content=\"A Journal where Ritual, Sacred &amp; Folk Performance Arts &amp; Scholarship meet. Like a bright little wildflower, folk, myth, &amp; ritual theatre grows where it can.\" \/>\n<meta property=\"og:url\" content=\"http:\/\/societyforritualarts.com\/coreopsis\/summer-2014-issue\/why-coreopsis\" \/>\n<meta property=\"og:site_name\" content=\"Coreopsis Journal Summer 2014\" \/>\n<meta property=\"article:publisher\" content=\"https:\/\/www.facebook.com\/coreopsisjournal\/\" \/>\n<meta property=\"article:modified_time\" content=\"2019-09-29T07:02:57+00:00\" \/>\n<meta property=\"og:image\" content=\"http:\/\/societyforritualarts.com\/coreopsis\/summer-2014-issue\/wp-content\/uploads\/2019\/09\/donate-coreopsis.jpg\" \/>\n<meta name=\"twitter:card\" content=\"summary_large_image\" \/>\n<meta name=\"twitter:site\" content=\"@MythAndTheatre\" \/>\n<meta name=\"twitter:label1\" content=\"Est. reading time\" \/>\n\t<meta name=\"twitter:data1\" content=\"4 minutes\" \/>\n<script type=\"application\/ld+json\" class=\"yoast-schema-graph\">{\"@context\":\"https:\\\/\\\/schema.org\",\"@graph\":[{\"@type\":\"WebPage\",\"@id\":\"http:\\\/\\\/societyforritualarts.com\\\/coreopsis\\\/summer-2014-issue\\\/why-coreopsis\",\"url\":\"http:\\\/\\\/societyforritualarts.com\\\/coreopsis\\\/summer-2014-issue\\\/why-coreopsis\",\"name\":\"Why Coreopsis? &#187; Coreopsis Journal Summer 2014\",\"isPartOf\":{\"@id\":\"http:\\\/\\\/societyforritualarts.com\\\/coreopsis\\\/summer-2014-issue\\\/#website\"},\"primaryImageOfPage\":{\"@id\":\"http:\\\/\\\/societyforritualarts.com\\\/coreopsis\\\/summer-2014-issue\\\/why-coreopsis#primaryimage\"},\"image\":{\"@id\":\"http:\\\/\\\/societyforritualarts.com\\\/coreopsis\\\/summer-2014-issue\\\/why-coreopsis#primaryimage\"},\"thumbnailUrl\":\"https:\\\/\\\/societyforritualarts.com\\\/coreopsis\\\/summer-2014-issue\\\/wp-content\\\/uploads\\\/2019\\\/09\\\/donate-coreopsis.jpg\",\"datePublished\":\"2019-09-22T04:14:46+00:00\",\"dateModified\":\"2019-09-29T07:02:57+00:00\",\"description\":\"A Journal where Ritual, Sacred & Folk Performance Arts & Scholarship meet. Like a bright little wildflower, folk, myth, & ritual theatre grows where it can.\",\"breadcrumb\":{\"@id\":\"http:\\\/\\\/societyforritualarts.com\\\/coreopsis\\\/summer-2014-issue\\\/why-coreopsis#breadcrumb\"},\"inLanguage\":\"en-US\",\"potentialAction\":[{\"@type\":\"ReadAction\",\"target\":[\"http:\\\/\\\/societyforritualarts.com\\\/coreopsis\\\/summer-2014-issue\\\/why-coreopsis\"]}]},{\"@type\":\"ImageObject\",\"inLanguage\":\"en-US\",\"@id\":\"http:\\\/\\\/societyforritualarts.com\\\/coreopsis\\\/summer-2014-issue\\\/why-coreopsis#primaryimage\",\"url\":\"https:\\\/\\\/societyforritualarts.com\\\/coreopsis\\\/summer-2014-issue\\\/wp-content\\\/uploads\\\/2019\\\/09\\\/donate-coreopsis.jpg\",\"contentUrl\":\"https:\\\/\\\/societyforritualarts.com\\\/coreopsis\\\/summer-2014-issue\\\/wp-content\\\/uploads\\\/2019\\\/09\\\/donate-coreopsis.jpg\",\"width\":190,\"height\":130},{\"@type\":\"BreadcrumbList\",\"@id\":\"http:\\\/\\\/societyforritualarts.com\\\/coreopsis\\\/summer-2014-issue\\\/why-coreopsis#breadcrumb\",\"itemListElement\":[{\"@type\":\"ListItem\",\"position\":1,\"name\":\"Home\",\"item\":\"http:\\\/\\\/societyforritualarts.com\\\/coreopsis\\\/summer-2014-issue\\\/\"},{\"@type\":\"ListItem\",\"position\":2,\"name\":\"Why Coreopsis?\"}]},{\"@type\":\"WebSite\",\"@id\":\"http:\\\/\\\/societyforritualarts.com\\\/coreopsis\\\/summer-2014-issue\\\/#website\",\"url\":\"http:\\\/\\\/societyforritualarts.com\\\/coreopsis\\\/summer-2014-issue\\\/\",\"name\":\"Coreopsis Journal Summer 2014\",\"description\":\"Seeking the Truth of the Human Heart\",\"publisher\":{\"@id\":\"http:\\\/\\\/societyforritualarts.com\\\/coreopsis\\\/summer-2014-issue\\\/#organization\"},\"potentialAction\":[{\"@type\":\"SearchAction\",\"target\":{\"@type\":\"EntryPoint\",\"urlTemplate\":\"http:\\\/\\\/societyforritualarts.com\\\/coreopsis\\\/summer-2014-issue\\\/?s={search_term_string}\"},\"query-input\":{\"@type\":\"PropertyValueSpecification\",\"valueRequired\":true,\"valueName\":\"search_term_string\"}}],\"inLanguage\":\"en-US\"},{\"@type\":\"Organization\",\"@id\":\"http:\\\/\\\/societyforritualarts.com\\\/coreopsis\\\/summer-2014-issue\\\/#organization\",\"name\":\"Coreopsis Journal of Myth & Theatre\",\"url\":\"http:\\\/\\\/societyforritualarts.com\\\/coreopsis\\\/summer-2014-issue\\\/\",\"logo\":{\"@type\":\"ImageObject\",\"inLanguage\":\"en-US\",\"@id\":\"http:\\\/\\\/societyforritualarts.com\\\/coreopsis\\\/summer-2014-issue\\\/#\\\/schema\\\/logo\\\/image\\\/\",\"url\":\"https:\\\/\\\/societyforritualarts.com\\\/coreopsis\\\/summer-2014-issue\\\/wp-content\\\/uploads\\\/2019\\\/09\\\/coreopsis-flower-logo6-55f07c90v1_site_icon.png\",\"contentUrl\":\"https:\\\/\\\/societyforritualarts.com\\\/coreopsis\\\/summer-2014-issue\\\/wp-content\\\/uploads\\\/2019\\\/09\\\/coreopsis-flower-logo6-55f07c90v1_site_icon.png\",\"width\":512,\"height\":512,\"caption\":\"Coreopsis Journal of Myth & Theatre\"},\"image\":{\"@id\":\"http:\\\/\\\/societyforritualarts.com\\\/coreopsis\\\/summer-2014-issue\\\/#\\\/schema\\\/logo\\\/image\\\/\"},\"sameAs\":[\"https:\\\/\\\/www.facebook.com\\\/coreopsisjournal\\\/\",\"https:\\\/\\\/x.com\\\/MythAndTheatre\"]}]}<\/script>\n<!-- \/ Yoast SEO plugin. -->","yoast_head_json":{"title":"Why Coreopsis? &#187; Coreopsis Journal Summer 2014","description":"A Journal where Ritual, Sacred & Folk Performance Arts & Scholarship meet. Like a bright little wildflower, folk, myth, & ritual theatre grows where it can.","robots":{"index":"index","follow":"follow","max-snippet":"max-snippet:-1","max-image-preview":"max-image-preview:large","max-video-preview":"max-video-preview:-1"},"canonical":"http:\/\/societyforritualarts.com\/coreopsis\/summer-2014-issue\/why-coreopsis","og_locale":"en_US","og_type":"article","og_title":"Why Coreopsis? &#187; Coreopsis Journal Summer 2014","og_description":"A Journal where Ritual, Sacred & Folk Performance Arts & Scholarship meet. Like a bright little wildflower, folk, myth, & ritual theatre grows where it can.","og_url":"http:\/\/societyforritualarts.com\/coreopsis\/summer-2014-issue\/why-coreopsis","og_site_name":"Coreopsis Journal Summer 2014","article_publisher":"https:\/\/www.facebook.com\/coreopsisjournal\/","article_modified_time":"2019-09-29T07:02:57+00:00","og_image":[{"url":"http:\/\/societyforritualarts.com\/coreopsis\/summer-2014-issue\/wp-content\/uploads\/2019\/09\/donate-coreopsis.jpg","type":"","width":"","height":""}],"twitter_card":"summary_large_image","twitter_site":"@MythAndTheatre","twitter_misc":{"Est. reading time":"4 minutes"},"schema":{"@context":"https:\/\/schema.org","@graph":[{"@type":"WebPage","@id":"http:\/\/societyforritualarts.com\/coreopsis\/summer-2014-issue\/why-coreopsis","url":"http:\/\/societyforritualarts.com\/coreopsis\/summer-2014-issue\/why-coreopsis","name":"Why Coreopsis? &#187; Coreopsis Journal Summer 2014","isPartOf":{"@id":"http:\/\/societyforritualarts.com\/coreopsis\/summer-2014-issue\/#website"},"primaryImageOfPage":{"@id":"http:\/\/societyforritualarts.com\/coreopsis\/summer-2014-issue\/why-coreopsis#primaryimage"},"image":{"@id":"http:\/\/societyforritualarts.com\/coreopsis\/summer-2014-issue\/why-coreopsis#primaryimage"},"thumbnailUrl":"https:\/\/societyforritualarts.com\/coreopsis\/summer-2014-issue\/wp-content\/uploads\/2019\/09\/donate-coreopsis.jpg","datePublished":"2019-09-22T04:14:46+00:00","dateModified":"2019-09-29T07:02:57+00:00","description":"A Journal where Ritual, Sacred & Folk Performance Arts & Scholarship meet. Like a bright little wildflower, folk, myth, & ritual theatre grows where it can.","breadcrumb":{"@id":"http:\/\/societyforritualarts.com\/coreopsis\/summer-2014-issue\/why-coreopsis#breadcrumb"},"inLanguage":"en-US","potentialAction":[{"@type":"ReadAction","target":["http:\/\/societyforritualarts.com\/coreopsis\/summer-2014-issue\/why-coreopsis"]}]},{"@type":"ImageObject","inLanguage":"en-US","@id":"http:\/\/societyforritualarts.com\/coreopsis\/summer-2014-issue\/why-coreopsis#primaryimage","url":"https:\/\/societyforritualarts.com\/coreopsis\/summer-2014-issue\/wp-content\/uploads\/2019\/09\/donate-coreopsis.jpg","contentUrl":"https:\/\/societyforritualarts.com\/coreopsis\/summer-2014-issue\/wp-content\/uploads\/2019\/09\/donate-coreopsis.jpg","width":190,"height":130},{"@type":"BreadcrumbList","@id":"http:\/\/societyforritualarts.com\/coreopsis\/summer-2014-issue\/why-coreopsis#breadcrumb","itemListElement":[{"@type":"ListItem","position":1,"name":"Home","item":"http:\/\/societyforritualarts.com\/coreopsis\/summer-2014-issue\/"},{"@type":"ListItem","position":2,"name":"Why Coreopsis?"}]},{"@type":"WebSite","@id":"http:\/\/societyforritualarts.com\/coreopsis\/summer-2014-issue\/#website","url":"http:\/\/societyforritualarts.com\/coreopsis\/summer-2014-issue\/","name":"Coreopsis Journal Summer 2014","description":"Seeking the Truth of the Human Heart","publisher":{"@id":"http:\/\/societyforritualarts.com\/coreopsis\/summer-2014-issue\/#organization"},"potentialAction":[{"@type":"SearchAction","target":{"@type":"EntryPoint","urlTemplate":"http:\/\/societyforritualarts.com\/coreopsis\/summer-2014-issue\/?s={search_term_string}"},"query-input":{"@type":"PropertyValueSpecification","valueRequired":true,"valueName":"search_term_string"}}],"inLanguage":"en-US"},{"@type":"Organization","@id":"http:\/\/societyforritualarts.com\/coreopsis\/summer-2014-issue\/#organization","name":"Coreopsis Journal of Myth & Theatre","url":"http:\/\/societyforritualarts.com\/coreopsis\/summer-2014-issue\/","logo":{"@type":"ImageObject","inLanguage":"en-US","@id":"http:\/\/societyforritualarts.com\/coreopsis\/summer-2014-issue\/#\/schema\/logo\/image\/","url":"https:\/\/societyforritualarts.com\/coreopsis\/summer-2014-issue\/wp-content\/uploads\/2019\/09\/coreopsis-flower-logo6-55f07c90v1_site_icon.png","contentUrl":"https:\/\/societyforritualarts.com\/coreopsis\/summer-2014-issue\/wp-content\/uploads\/2019\/09\/coreopsis-flower-logo6-55f07c90v1_site_icon.png","width":512,"height":512,"caption":"Coreopsis Journal of Myth & Theatre"},"image":{"@id":"http:\/\/societyforritualarts.com\/coreopsis\/summer-2014-issue\/#\/schema\/logo\/image\/"},"sameAs":["https:\/\/www.facebook.com\/coreopsisjournal\/","https:\/\/x.com\/MythAndTheatre"]}]}},"jetpack_sharing_enabled":true,"_links":{"self":[{"href":"https:\/\/societyforritualarts.com\/coreopsis\/summer-2014-issue\/wp-json\/wp\/v2\/pages\/33","targetHints":{"allow":["GET"]}}],"collection":[{"href":"https:\/\/societyforritualarts.com\/coreopsis\/summer-2014-issue\/wp-json\/wp\/v2\/pages"}],"about":[{"href":"https:\/\/societyforritualarts.com\/coreopsis\/summer-2014-issue\/wp-json\/wp\/v2\/types\/page"}],"author":[{"embeddable":true,"href":"https:\/\/societyforritualarts.com\/coreopsis\/summer-2014-issue\/wp-json\/wp\/v2\/users\/1"}],"replies":[{"embeddable":true,"href":"https:\/\/societyforritualarts.com\/coreopsis\/summer-2014-issue\/wp-json\/wp\/v2\/comments?post=33"}],"version-history":[{"count":5,"href":"https:\/\/societyforritualarts.com\/coreopsis\/summer-2014-issue\/wp-json\/wp\/v2\/pages\/33\/revisions"}],"predecessor-version":[{"id":380,"href":"https:\/\/societyforritualarts.com\/coreopsis\/summer-2014-issue\/wp-json\/wp\/v2\/pages\/33\/revisions\/380"}],"wp:attachment":[{"href":"https:\/\/societyforritualarts.com\/coreopsis\/summer-2014-issue\/wp-json\/wp\/v2\/media?parent=33"}],"curies":[{"name":"wp","href":"https:\/\/api.w.org\/{rel}","templated":true}]}}