{"id":707,"date":"2026-03-31T21:23:40","date_gmt":"2026-03-31T21:23:40","guid":{"rendered":"https:\/\/tnf.ola.mybluehost.me\/rw\/2026-spring\/?page_id=707"},"modified":"2026-04-25T22:39:19","modified_gmt":"2026-04-25T22:39:19","slug":"kampfe-gegen-die-dunkelheit","status":"publish","type":"page","link":"https:\/\/societyforritualarts.com\/rw\/2026-spring\/kampfe-gegen-die-dunkelheit\/","title":{"rendered":"K\u00e4mpfe gegen die Dunkelheit"},"content":{"rendered":"\n<style>\n  .imageLeft {\n    aspect-ratio: auto;\n    margin-right: 32px;\n    max-width: 480px;\n    width: 100%;\n  }\n  .poem {\n    display: flex;\n    margin-top: 64px;\n  }\n  .poemText {\n    width: calc(100% - 512px);\n  }\n  h1 {\n    margin-block-end: 1.25em;\n  }\n  h2:first-child {\n    margin-block-end: .25em;\n  }\n  h2:nth-child(2) {\n    margin-block-start: .25em;\n  }\n  @media (max-width: 860px) {\n    .imageLeft {\n       display: block;\n       float: unset;\n       margin: 0 0 32px 0;\n    }\n    .poem {\n      display: block;\n    }\n    .poemText {\n      display: block;\n      width: 100%;\n    }\n  }\n<\/style>\n<div class=\"container\">\n\t<div class=\"content\">\n\t    <section class=\"backNext\">\n\t      <h4><a href=\"https:\/\/societyforritualarts.com\/coreopsis\/\">Back to Journals<br> Home<\/a><\/h4>\n\t      <h4><a href=\"\/rw\/2026-spring\/shapes\/\">Next Wonderous<br> Poem<\/a><\/h4>\n\t    <\/section>\n\t    <h4>Poetry<\/h4>\n\t\t\t<h2>Autorin Andrea Tillmanns<\/h2>\n\t\t\t<h2>Illustriert Joel Bisaillon<\/h2>\n\t\t<main class=\"poem\">\n\t\t\t<img decoding=\"async\" loading=\"lazy\" class=\"imageLeft\" src=\"\/rw\/2026-spring\/wp-content\/uploads\/2026\/03\/Joel_Against-the-Dark.jpg\"\/>\n\t\t\t<div class=\"poemText\">\n\t\t\t\t<h1>K\u00e4mpfe gegen die Dunkelheit<\/h1>\n\t\t\t\t<p>Ergib dich nicht,<\/p>\n\t\t\t\t<p>k\u00e4mpfe gegen die Dunkelheit,<\/p>\n\t\t\t\t<p>schreie sie an,<\/p>\n\t\t\t\t<p>\u00fcbert\u00f6ne sie<\/p>\n\t\t\t\t<p>mit allem, was du<\/p>\n\t\t\t\t<p>bieten kannst:<\/p>\n\t\t\t\t<br>\n\t\t\t\t<p>Trommle, pfeife,<\/p>\n\t\t\t\t<p>singe und l\u00e4rme,<\/p>\n\t\t\t\t<p>drohe dem Ungeheuer<\/p>\n\t\t\t\t<p>das deine Sonne bedroht \u2013<\/p>\n\t\t\t\t<br>\n\t\t\t\t<p>und vielleicht kehrt sie zur\u00fcck.<\/p>\n\t\t\t\t<p>Hoffe leise, hoffe,<\/p>\n\t\t\t\t<p>dass das Ungeheuer<\/p>\n\t\t\t\t<p>sie verschont,<\/p>\n\t\t\t\t<br>\n\t\t\t\t<p>und warte auf<\/p>\n\t\t\t\t<p>den neuen Morgen<\/p>\n\t\t\t\t<p>mitten an<\/p>\n\t\t\t\t<p>deinem<\/p>\n\t\t\t\t<p>Tag.<\/p>\n\t\t\t<\/div>\n\t\t<\/main>\n\t\t<section class=\"donate\">\n\t\t  <a href=\"https:\/\/ko-fi.com\/rwfiction\">\n\t\t    <img data-recalc-dims=\"1\" decoding=\"async\" loading=\"lazy\" src=\"https:\/\/i0.wp.com\/www.societyforritualarts.org\/coreopsis\/autumn-2025-issue\/wp-content\/uploads\/2026\/01\/buy-us-a-cuppa1-lo-res.jpg?ssl=1\"\/>\n\t\t  <\/a>\n\t\t  <p>Like what we do? &nbsp; <a href=\"https:\/\/ko-fi.com\/rwfiction\">Buy us a Cup of Coffee!<\/a><\/p>\n\t\t<\/section>\n\t<\/div>\n<\/div>\n\n\n<div class=\"sfsi_widget sfsi_shortcode_container\"><div class=\"norm_row sfsi_wDiv \"  style=\"width:225px;text-align:left;\"><div style='width:40px; height:40px;margin-left:5px;margin-bottom:5px; ' class='sfsi_wicons shuffeldiv ' ><div class='inerCnt'><a class=' sficn' data-effect='' target='_blank' rel='noopener'  href='https:\/\/www.facebook.com\/coreopsisjournal' id='sfsiid_facebook_icon' style='width:40px;height:40px;opacity:1;'  ><img data-recalc-dims=\"1\" data-pin-nopin='true' alt='Facebook' title='Facebook' src=\"https:\/\/i0.wp.com\/societyforritualarts.com\/rw\/2026-spring\/wp-content\/plugins\/ultimate-social-media-icons\/images\/icons_theme\/default\/default_facebook.png?resize=40%2C40&#038;ssl=1\" width=\"40\" height=\"40\" style='' class='sfcm sfsi_wicon ' data-effect=''   \/><\/a><div class=\"sfsi_tool_tip_2 fb_tool_bdr sfsiTlleft\" style=\"opacity:0;z-index:-1;\" id=\"sfsiid_facebook\"><span class=\"bot_arow bot_fb_arow\"><\/span><div class=\"sfsi_inside\"><div  class='icon1'><a href='https:\/\/www.facebook.com\/coreopsisjournal' target='_blank' rel='noopener'><img data-recalc-dims=\"1\" data-pin-nopin='true' class='sfsi_wicon' alt='Facebook' title='Facebook' src=\"https:\/\/i0.wp.com\/societyforritualarts.com\/rw\/2026-spring\/wp-content\/plugins\/ultimate-social-media-icons\/images\/visit_icons\/Visit_us_fb\/icon_Visit_us_en_US.png?ssl=1\" \/><\/a><\/div><div  class='icon2'><div class=\"fb-like\" width=\"200\" data-href=\"https:\/\/societyforritualarts.com\/rw\/2026-spring\/kampfe-gegen-die-dunkelheit\/\"  data-send=\"false\" data-layout=\"button_count\" data-action=\"like\"><\/div><\/div><div  class='icon3'><a target='_blank' rel='noopener' href='https:\/\/www.facebook.com\/sharer\/sharer.php?u=https%3A%2F%2Fsocietyforritualarts.com%2Frw%2F2026-spring%2Fwp-json%2Fwp%2Fv2%2Fpages%2F707' style='display:inline-block;'  > <img class='sfsi_wicon'  data-pin-nopin='true' alt='fb-share-icon' title='Facebook Share' src='https:\/\/societyforritualarts.com\/rw\/2026-spring\/wp-content\/plugins\/ultimate-social-media-icons\/images\/share_icons\/fb_icons\/en_US.svg' \/><\/a><\/div><\/div><\/div><\/div><\/div><div style='width:40px; height:40px;margin-left:5px;margin-bottom:5px; ' class='sfsi_wicons shuffeldiv ' ><div class='inerCnt'><a class=' sficn' data-effect='' target='_blank' rel='noopener'  href='' id='sfsiid_pinterest_icon' style='width:40px;height:40px;opacity:1;'  ><img data-recalc-dims=\"1\" data-pin-nopin='true' alt='Pinterest' title='Pinterest' src=\"https:\/\/i0.wp.com\/societyforritualarts.com\/rw\/2026-spring\/wp-content\/plugins\/ultimate-social-media-icons\/images\/icons_theme\/default\/default_pinterest.png?resize=40%2C40&#038;ssl=1\" width=\"40\" height=\"40\" style='' class='sfcm sfsi_wicon ' data-effect=''   \/><\/a><div class=\"sfsi_tool_tip_2 printst_tool_bdr sfsiTlleft\" style=\"opacity:0;z-index:-1;\" id=\"sfsiid_pinterest\"><span class=\"bot_arow bot_pintst_arow\"><\/span><div class=\"sfsi_inside\"><div  class='icon2'><a href='#' onclick='sfsi_pinterest_modal_images(event)' class='sfsi_pinterest_sm_click' style='display:inline-block;'><img class='sfsi_wicon' data-pin-nopin='true' alt='fb-share-icon' title='Pin Share' src='https:\/\/societyforritualarts.com\/rw\/2026-spring\/wp-content\/plugins\/ultimate-social-media-icons\/images\/share_icons\/Pinterest_Save\/en_US_save.svg' \/><\/a><\/div><\/div><\/div><\/div><\/div><div style='width:40px; height:40px;margin-left:5px;margin-bottom:5px; ' class='sfsi_wicons shuffeldiv ' ><div class='inerCnt'><a class=' sficn' data-effect='' target='_blank' rel='noopener'  href='' id='sfsiid_linkedin_icon' style='width:40px;height:40px;opacity:1;'  ><img data-recalc-dims=\"1\" data-pin-nopin='true' alt='LinkedIn' title='LinkedIn' src=\"https:\/\/i0.wp.com\/societyforritualarts.com\/rw\/2026-spring\/wp-content\/plugins\/ultimate-social-media-icons\/images\/icons_theme\/default\/default_linkedin.png?resize=40%2C40&#038;ssl=1\" width=\"40\" height=\"40\" style='' class='sfcm sfsi_wicon ' data-effect=''   \/><\/a><div class=\"sfsi_tool_tip_2 linkedin_tool_bdr sfsiTlleft\" style=\"opacity:0;z-index:-1;\" id=\"sfsiid_linkedin\"><span class=\"bot_arow bot_linkedin_arow\"><\/span><div class=\"sfsi_inside\"><div  class='icon2'><a target='_blank' rel='noopener' href=\"https:\/\/www.linkedin.com\/sharing\/share-offsite\/?url=https%3A%2F%2Fsocietyforritualarts.com%2Frw%2F2026-spring%2Fwp-json%2Fwp%2Fv2%2Fpages%2F707\"><img decoding=\"async\" class=\"sfsi_wicon\" data-pin-nopin= true alt=\"Share\" title=\"Share\" src=\"https:\/\/societyforritualarts.com\/rw\/2026-spring\/wp-content\/plugins\/ultimate-social-media-icons\/images\/share_icons\/Linkedin_Share\/en_US_share.svg\" \/><\/a><\/div><\/div><\/div><\/div><\/div><div style='width:40px; height:40px;margin-left:5px;margin-bottom:5px; ' class='sfsi_wicons shuffeldiv ' ><div class='inerCnt'><a class=' sficn' data-effect='' target='_blank' rel='noopener'  href='https:\/\/www.instagram.com\/coreopsisjournal\/' id='sfsiid_instagram_icon' style='width:40px;height:40px;opacity:1;'  ><img data-recalc-dims=\"1\" data-pin-nopin='true' alt='Instagram' title='Instagram' src=\"https:\/\/i0.wp.com\/societyforritualarts.com\/rw\/2026-spring\/wp-content\/plugins\/ultimate-social-media-icons\/images\/icons_theme\/default\/default_instagram.png?resize=40%2C40&#038;ssl=1\" width=\"40\" height=\"40\" style='' class='sfcm sfsi_wicon ' data-effect=''   \/><\/a><\/div><\/div><div style='width:40px; height:40px;margin-left:5px;margin-bottom:5px; ' class='sfsi_wicons shuffeldiv ' ><div class='inerCnt'><a class=' sficn' data-effect='' target='_blank' rel='noopener'  href='https:\/\/api.whatsapp.com\/send?text=https%3A%2F%2Fsocietyforritualarts.com%2Frw%2F2026-spring%2Fkampfe-gegen-die-dunkelheit%2F' id='sfsiid_whatsapp_icon' style='width:40px;height:40px;opacity:1;'  ><img data-recalc-dims=\"1\" data-pin-nopin='true' alt='WhatsApp' title='WhatsApp' src=\"https:\/\/i0.wp.com\/societyforritualarts.com\/rw\/2026-spring\/wp-content\/plugins\/ultimate-social-media-icons\/images\/icons_theme\/default\/default_whatsapp.png?resize=40%2C40&#038;ssl=1\" width=\"40\" height=\"40\" style='' class='sfcm sfsi_wicon ' data-effect=''   \/><\/a><\/div><\/div><div style='width:40px; height:40px;margin-left:5px;margin-bottom:5px; ' class='sfsi_wicons shuffeldiv ' ><div class='inerCnt'><a class=' sficn' data-effect='' target='_blank' rel='noopener'  href='https:\/\/www.facebook.com\/dialog\/send?app_id=244819978951470&display=popup&link=https%3A%2F%2Fsocietyforritualarts.com%2Frw%2F2026-spring%2Fkampfe-gegen-die-dunkelheit%2F&redirect_uri=https%3A%2F%2Fsocietyforritualarts.com%2Frw%2F2026-spring%2Fwp-json%2Fwp%2Fv2%2Fpages%2F707\/' id='sfsiid_fbmessenger_icon' style='width:40px;height:40px;opacity:1;'  ><img data-recalc-dims=\"1\" data-pin-nopin='true' alt='FbMessenger' title='FbMessenger' src=\"https:\/\/i0.wp.com\/societyforritualarts.com\/rw\/2026-spring\/wp-content\/plugins\/ultimate-social-media-icons\/images\/icons_theme\/default\/default_fbmessenger.png?resize=40%2C40&#038;ssl=1\" width=\"40\" height=\"40\" style='' class='sfcm sfsi_wicon ' data-effect=''   \/><\/a><\/div><\/div><div style='width:40px; height:40px;margin-left:5px;margin-bottom:5px; ' class='sfsi_wicons shuffeldiv ' ><div class='inerCnt'><a class='sfsi_copylink sficn' data-effect='' target='_blank' rel='noopener'  href='javascript:void(0);' id='sfsiid_copylink_icon' style='width:40px;height:40px;opacity:1;'  ><img data-recalc-dims=\"1\" data-pin-nopin='true' alt='' title='' src=\"https:\/\/i0.wp.com\/societyforritualarts.com\/rw\/2026-spring\/wp-content\/plugins\/ultimate-social-media-icons\/images\/icons_theme\/default\/default_copylink.png?resize=40%2C40&#038;ssl=1\" width=\"40\" height=\"40\" style='' class='sfcm sfsi_wicon ' data-effect=''   \/><\/a><\/div><\/div><div id=\"success-alert\" class=\"success-alert\">URL has been copied successfully!<\/div><div style='width:40px; height:40px;margin-left:5px;margin-bottom:5px; ' class='sfsi_wicons shuffeldiv ' ><div class='inerCnt'><a class=' sficn' data-effect='' target='_blank' rel='noopener'  href='https:\/\/bsky.app\/intent\/compose?text=Check%20out%20this%20amazing%20article!%20https:\/\/societyforritualarts.com\/rw\/2026-spring\/wp-json\/wp\/v2\/pages\/707' id='sfsiid_bluesky_icon' style='width:40px;height:40px;opacity:1;'  ><img data-recalc-dims=\"1\" data-pin-nopin='true' alt='BLUESKY' title='BLUESKY' src=\"https:\/\/i0.wp.com\/societyforritualarts.com\/rw\/2026-spring\/wp-content\/plugins\/ultimate-social-media-icons\/images\/icons_theme\/default\/default_bluesky.png?resize=40%2C40&#038;ssl=1\" width=\"40\" height=\"40\" style='' class='sfcm sfsi_wicon ' data-effect=''   \/><\/a><\/div><\/div><\/div ><div id=\"sfsi_holder\" class=\"sfsi_holders\" style=\"position: relative; float: left;width:100%;z-index:-1;\"><\/div ><script>window.addEventListener(\"sfsi_functions_loaded\", function()\n\t\t\t{\n\t\t\t\tif (typeof sfsi_widget_set == \"function\") {\n\t\t\t\t\tsfsi_widget_set();\n\t\t\t\t}\n\t\t\t}); <\/script><div style=\"clear: both;\"><\/div><\/div>\n","protected":false},"excerpt":{"rendered":"<p>Back to Journals Home Next Wonderous Poem Poetry Autorin Andrea Tillmanns Illustriert Joel Bisaillon K\u00e4mpfe gegen die Dunkelheit Ergib dich nicht, k\u00e4mpfe gegen die Dunkelheit, schreie sie an, \u00fcbert\u00f6ne sie mit allem, was du bieten kannst: Trommle, pfeife, singe und l\u00e4rme, drohe dem Ungeheuer das deine Sonne bedroht \u2013 und vielleicht kehrt sie zur\u00fcck. Hoffe [&hellip;]<\/p>\n","protected":false},"author":1,"featured_media":0,"parent":0,"menu_order":0,"comment_status":"closed","ping_status":"closed","template":"","meta":{"nf_dc_page":"","om_disable_all_campaigns":false,"_monsterinsights_skip_tracking":false,"_monsterinsights_sitenote_active":false,"_monsterinsights_sitenote_note":"","_monsterinsights_sitenote_category":0,"footnotes":""},"class_list":["post-707","page","type-page","status-publish","hentry"],"yoast_head":"<!-- This site is optimized with the Yoast SEO plugin v27.5 - https:\/\/yoast.com\/product\/yoast-seo-wordpress\/ -->\n<title>K\u00e4mpfe gegen die Dunkelheit - Roses and Wildflowers Spring 2026<\/title>\n<meta name=\"robots\" content=\"index, follow, max-snippet:-1, max-image-preview:large, max-video-preview:-1\" \/>\n<link rel=\"canonical\" href=\"https:\/\/tnf.ola.mybluehost.me\/rw\/2026-spring\/kampfe-gegen-die-dunkelheit\/\" \/>\n<meta property=\"og:locale\" content=\"en_US\" \/>\n<meta property=\"og:type\" content=\"article\" \/>\n<meta property=\"og:title\" content=\"K\u00e4mpfe gegen die Dunkelheit - Roses and Wildflowers Spring 2026\" \/>\n<meta property=\"og:description\" content=\"Back to Journals Home Next Wonderous Poem Poetry Autorin Andrea Tillmanns Illustriert Joel Bisaillon K\u00e4mpfe gegen die Dunkelheit Ergib dich nicht, k\u00e4mpfe gegen die Dunkelheit, schreie sie an, \u00fcbert\u00f6ne sie mit allem, was du bieten kannst: Trommle, pfeife, singe und l\u00e4rme, drohe dem Ungeheuer das deine Sonne bedroht \u2013 und vielleicht kehrt sie zur\u00fcck. Hoffe [&hellip;]\" \/>\n<meta property=\"og:url\" content=\"https:\/\/tnf.ola.mybluehost.me\/rw\/2026-spring\/kampfe-gegen-die-dunkelheit\/\" \/>\n<meta property=\"og:site_name\" content=\"Roses and Wildflowers Spring 2026\" \/>\n<meta property=\"article:modified_time\" content=\"2026-04-25T22:39:19+00:00\" \/>\n<meta property=\"og:image\" content=\"https:\/\/www.societyforritualarts.org\/coreopsis\/autumn-2025-issue\/wp-content\/uploads\/2026\/01\/buy-us-a-cuppa1-lo-res.jpg\" \/>\n<meta name=\"twitter:card\" content=\"summary_large_image\" \/>\n<meta name=\"twitter:label1\" content=\"Est. reading time\" \/>\n\t<meta name=\"twitter:data1\" content=\"1 minute\" \/>\n<script type=\"application\/ld+json\" class=\"yoast-schema-graph\">{\"@context\":\"https:\\\/\\\/schema.org\",\"@graph\":[{\"@type\":\"WebPage\",\"@id\":\"https:\\\/\\\/tnf.ola.mybluehost.me\\\/rw\\\/2026-spring\\\/kampfe-gegen-die-dunkelheit\\\/\",\"url\":\"https:\\\/\\\/tnf.ola.mybluehost.me\\\/rw\\\/2026-spring\\\/kampfe-gegen-die-dunkelheit\\\/\",\"name\":\"K\u00e4mpfe gegen die Dunkelheit - Roses and Wildflowers Spring 2026\",\"isPartOf\":{\"@id\":\"https:\\\/\\\/tnf.ola.mybluehost.me\\\/rw\\\/2026-spring\\\/#website\"},\"primaryImageOfPage\":{\"@id\":\"https:\\\/\\\/tnf.ola.mybluehost.me\\\/rw\\\/2026-spring\\\/kampfe-gegen-die-dunkelheit\\\/#primaryimage\"},\"image\":{\"@id\":\"https:\\\/\\\/tnf.ola.mybluehost.me\\\/rw\\\/2026-spring\\\/kampfe-gegen-die-dunkelheit\\\/#primaryimage\"},\"thumbnailUrl\":\"https:\\\/\\\/www.societyforritualarts.org\\\/coreopsis\\\/autumn-2025-issue\\\/wp-content\\\/uploads\\\/2026\\\/01\\\/buy-us-a-cuppa1-lo-res.jpg\",\"datePublished\":\"2026-03-31T21:23:40+00:00\",\"dateModified\":\"2026-04-25T22:39:19+00:00\",\"breadcrumb\":{\"@id\":\"https:\\\/\\\/tnf.ola.mybluehost.me\\\/rw\\\/2026-spring\\\/kampfe-gegen-die-dunkelheit\\\/#breadcrumb\"},\"inLanguage\":\"en-US\",\"potentialAction\":[{\"@type\":\"ReadAction\",\"target\":[\"https:\\\/\\\/tnf.ola.mybluehost.me\\\/rw\\\/2026-spring\\\/kampfe-gegen-die-dunkelheit\\\/\"]}]},{\"@type\":\"ImageObject\",\"inLanguage\":\"en-US\",\"@id\":\"https:\\\/\\\/tnf.ola.mybluehost.me\\\/rw\\\/2026-spring\\\/kampfe-gegen-die-dunkelheit\\\/#primaryimage\",\"url\":\"https:\\\/\\\/www.societyforritualarts.org\\\/coreopsis\\\/autumn-2025-issue\\\/wp-content\\\/uploads\\\/2026\\\/01\\\/buy-us-a-cuppa1-lo-res.jpg\",\"contentUrl\":\"https:\\\/\\\/www.societyforritualarts.org\\\/coreopsis\\\/autumn-2025-issue\\\/wp-content\\\/uploads\\\/2026\\\/01\\\/buy-us-a-cuppa1-lo-res.jpg\"},{\"@type\":\"BreadcrumbList\",\"@id\":\"https:\\\/\\\/tnf.ola.mybluehost.me\\\/rw\\\/2026-spring\\\/kampfe-gegen-die-dunkelheit\\\/#breadcrumb\",\"itemListElement\":[{\"@type\":\"ListItem\",\"position\":1,\"name\":\"Home\",\"item\":\"https:\\\/\\\/tnf.ola.mybluehost.me\\\/rw\\\/2026-spring\\\/\"},{\"@type\":\"ListItem\",\"position\":2,\"name\":\"K\u00e4mpfe gegen die Dunkelheit\"}]},{\"@type\":\"WebSite\",\"@id\":\"https:\\\/\\\/tnf.ola.mybluehost.me\\\/rw\\\/2026-spring\\\/#website\",\"url\":\"https:\\\/\\\/tnf.ola.mybluehost.me\\\/rw\\\/2026-spring\\\/\",\"name\":\"Roses and Wildflowers Spring 2026\",\"description\":\"\",\"publisher\":{\"@id\":\"https:\\\/\\\/tnf.ola.mybluehost.me\\\/rw\\\/2026-spring\\\/#organization\"},\"potentialAction\":[{\"@type\":\"SearchAction\",\"target\":{\"@type\":\"EntryPoint\",\"urlTemplate\":\"https:\\\/\\\/tnf.ola.mybluehost.me\\\/rw\\\/2026-spring\\\/?s={search_term_string}\"},\"query-input\":{\"@type\":\"PropertyValueSpecification\",\"valueRequired\":true,\"valueName\":\"search_term_string\"}}],\"inLanguage\":\"en-US\"},{\"@type\":\"Organization\",\"@id\":\"https:\\\/\\\/tnf.ola.mybluehost.me\\\/rw\\\/2026-spring\\\/#organization\",\"name\":\"Roses and Wildflowers Spring 2026\",\"url\":\"https:\\\/\\\/tnf.ola.mybluehost.me\\\/rw\\\/2026-spring\\\/\",\"logo\":{\"@type\":\"ImageObject\",\"inLanguage\":\"en-US\",\"@id\":\"https:\\\/\\\/tnf.ola.mybluehost.me\\\/rw\\\/2026-spring\\\/#\\\/schema\\\/logo\\\/image\\\/\",\"url\":\"https:\\\/\\\/i0.wp.com\\\/societyforritualarts.com\\\/rw\\\/2026-spring\\\/wp-content\\\/uploads\\\/2025\\\/08\\\/headerLogo.png?fit=1109%2C586&ssl=1\",\"contentUrl\":\"https:\\\/\\\/i0.wp.com\\\/societyforritualarts.com\\\/rw\\\/2026-spring\\\/wp-content\\\/uploads\\\/2025\\\/08\\\/headerLogo.png?fit=1109%2C586&ssl=1\",\"width\":1109,\"height\":586,\"caption\":\"Roses and Wildflowers Spring 2026\"},\"image\":{\"@id\":\"https:\\\/\\\/tnf.ola.mybluehost.me\\\/rw\\\/2026-spring\\\/#\\\/schema\\\/logo\\\/image\\\/\"}}]}<\/script>\n<!-- \/ Yoast SEO plugin. -->","yoast_head_json":{"title":"K\u00e4mpfe gegen die Dunkelheit - Roses and Wildflowers Spring 2026","robots":{"index":"index","follow":"follow","max-snippet":"max-snippet:-1","max-image-preview":"max-image-preview:large","max-video-preview":"max-video-preview:-1"},"canonical":"https:\/\/tnf.ola.mybluehost.me\/rw\/2026-spring\/kampfe-gegen-die-dunkelheit\/","og_locale":"en_US","og_type":"article","og_title":"K\u00e4mpfe gegen die Dunkelheit - Roses and Wildflowers Spring 2026","og_description":"Back to Journals Home Next Wonderous Poem Poetry Autorin Andrea Tillmanns Illustriert Joel Bisaillon K\u00e4mpfe gegen die Dunkelheit Ergib dich nicht, k\u00e4mpfe gegen die Dunkelheit, schreie sie an, \u00fcbert\u00f6ne sie mit allem, was du bieten kannst: Trommle, pfeife, singe und l\u00e4rme, drohe dem Ungeheuer das deine Sonne bedroht \u2013 und vielleicht kehrt sie zur\u00fcck. Hoffe [&hellip;]","og_url":"https:\/\/tnf.ola.mybluehost.me\/rw\/2026-spring\/kampfe-gegen-die-dunkelheit\/","og_site_name":"Roses and Wildflowers Spring 2026","article_modified_time":"2026-04-25T22:39:19+00:00","og_image":[{"url":"https:\/\/www.societyforritualarts.org\/coreopsis\/autumn-2025-issue\/wp-content\/uploads\/2026\/01\/buy-us-a-cuppa1-lo-res.jpg","type":"","width":"","height":""}],"twitter_card":"summary_large_image","twitter_misc":{"Est. reading time":"1 minute"},"schema":{"@context":"https:\/\/schema.org","@graph":[{"@type":"WebPage","@id":"https:\/\/tnf.ola.mybluehost.me\/rw\/2026-spring\/kampfe-gegen-die-dunkelheit\/","url":"https:\/\/tnf.ola.mybluehost.me\/rw\/2026-spring\/kampfe-gegen-die-dunkelheit\/","name":"K\u00e4mpfe gegen die Dunkelheit - Roses and Wildflowers Spring 2026","isPartOf":{"@id":"https:\/\/tnf.ola.mybluehost.me\/rw\/2026-spring\/#website"},"primaryImageOfPage":{"@id":"https:\/\/tnf.ola.mybluehost.me\/rw\/2026-spring\/kampfe-gegen-die-dunkelheit\/#primaryimage"},"image":{"@id":"https:\/\/tnf.ola.mybluehost.me\/rw\/2026-spring\/kampfe-gegen-die-dunkelheit\/#primaryimage"},"thumbnailUrl":"https:\/\/www.societyforritualarts.org\/coreopsis\/autumn-2025-issue\/wp-content\/uploads\/2026\/01\/buy-us-a-cuppa1-lo-res.jpg","datePublished":"2026-03-31T21:23:40+00:00","dateModified":"2026-04-25T22:39:19+00:00","breadcrumb":{"@id":"https:\/\/tnf.ola.mybluehost.me\/rw\/2026-spring\/kampfe-gegen-die-dunkelheit\/#breadcrumb"},"inLanguage":"en-US","potentialAction":[{"@type":"ReadAction","target":["https:\/\/tnf.ola.mybluehost.me\/rw\/2026-spring\/kampfe-gegen-die-dunkelheit\/"]}]},{"@type":"ImageObject","inLanguage":"en-US","@id":"https:\/\/tnf.ola.mybluehost.me\/rw\/2026-spring\/kampfe-gegen-die-dunkelheit\/#primaryimage","url":"https:\/\/www.societyforritualarts.org\/coreopsis\/autumn-2025-issue\/wp-content\/uploads\/2026\/01\/buy-us-a-cuppa1-lo-res.jpg","contentUrl":"https:\/\/www.societyforritualarts.org\/coreopsis\/autumn-2025-issue\/wp-content\/uploads\/2026\/01\/buy-us-a-cuppa1-lo-res.jpg"},{"@type":"BreadcrumbList","@id":"https:\/\/tnf.ola.mybluehost.me\/rw\/2026-spring\/kampfe-gegen-die-dunkelheit\/#breadcrumb","itemListElement":[{"@type":"ListItem","position":1,"name":"Home","item":"https:\/\/tnf.ola.mybluehost.me\/rw\/2026-spring\/"},{"@type":"ListItem","position":2,"name":"K\u00e4mpfe gegen die Dunkelheit"}]},{"@type":"WebSite","@id":"https:\/\/tnf.ola.mybluehost.me\/rw\/2026-spring\/#website","url":"https:\/\/tnf.ola.mybluehost.me\/rw\/2026-spring\/","name":"Roses and Wildflowers Spring 2026","description":"","publisher":{"@id":"https:\/\/tnf.ola.mybluehost.me\/rw\/2026-spring\/#organization"},"potentialAction":[{"@type":"SearchAction","target":{"@type":"EntryPoint","urlTemplate":"https:\/\/tnf.ola.mybluehost.me\/rw\/2026-spring\/?s={search_term_string}"},"query-input":{"@type":"PropertyValueSpecification","valueRequired":true,"valueName":"search_term_string"}}],"inLanguage":"en-US"},{"@type":"Organization","@id":"https:\/\/tnf.ola.mybluehost.me\/rw\/2026-spring\/#organization","name":"Roses and Wildflowers Spring 2026","url":"https:\/\/tnf.ola.mybluehost.me\/rw\/2026-spring\/","logo":{"@type":"ImageObject","inLanguage":"en-US","@id":"https:\/\/tnf.ola.mybluehost.me\/rw\/2026-spring\/#\/schema\/logo\/image\/","url":"https:\/\/i0.wp.com\/societyforritualarts.com\/rw\/2026-spring\/wp-content\/uploads\/2025\/08\/headerLogo.png?fit=1109%2C586&ssl=1","contentUrl":"https:\/\/i0.wp.com\/societyforritualarts.com\/rw\/2026-spring\/wp-content\/uploads\/2025\/08\/headerLogo.png?fit=1109%2C586&ssl=1","width":1109,"height":586,"caption":"Roses and Wildflowers Spring 2026"},"image":{"@id":"https:\/\/tnf.ola.mybluehost.me\/rw\/2026-spring\/#\/schema\/logo\/image\/"}}]}},"jetpack_sharing_enabled":true,"_links":{"self":[{"href":"https:\/\/societyforritualarts.com\/rw\/2026-spring\/wp-json\/wp\/v2\/pages\/707","targetHints":{"allow":["GET"]}}],"collection":[{"href":"https:\/\/societyforritualarts.com\/rw\/2026-spring\/wp-json\/wp\/v2\/pages"}],"about":[{"href":"https:\/\/societyforritualarts.com\/rw\/2026-spring\/wp-json\/wp\/v2\/types\/page"}],"author":[{"embeddable":true,"href":"https:\/\/societyforritualarts.com\/rw\/2026-spring\/wp-json\/wp\/v2\/users\/1"}],"replies":[{"embeddable":true,"href":"https:\/\/societyforritualarts.com\/rw\/2026-spring\/wp-json\/wp\/v2\/comments?post=707"}],"version-history":[{"count":12,"href":"https:\/\/societyforritualarts.com\/rw\/2026-spring\/wp-json\/wp\/v2\/pages\/707\/revisions"}],"predecessor-version":[{"id":1445,"href":"https:\/\/societyforritualarts.com\/rw\/2026-spring\/wp-json\/wp\/v2\/pages\/707\/revisions\/1445"}],"wp:attachment":[{"href":"https:\/\/societyforritualarts.com\/rw\/2026-spring\/wp-json\/wp\/v2\/media?parent=707"}],"curies":[{"name":"wp","href":"https:\/\/api.w.org\/{rel}","templated":true}]}}